lculate f(5).
-14
Let j(d) = -d**2 - 12*d - 15. Give j(-11).
-4
Let d(z) = -4*z**2 - 190*z - 96. Give d(-47).
-2
Let q(m) = 13*m - 18. Determine q(5).
47
Let k(u) = u**3 + 12*u**2 + 9*u - 18. Determine k(-11).
4
Let l(q) = -q**2 - 4*q - 10. Determine l(-3).
-7
Let i(q) = q**2 + 8*q + 4. Calculate i(-9).
13
Let q(y) = -2*y + 4. Give q(15).
-26
Let i(m) = -m**3 - 8*m**2 - 3*m - 20. What is i(-8)?
4
Let z(n) = -7*n + 28. What is z(8)?
-28
Let w(s) = -2*s**2 + 3*s - 3. Give w(3).
-12
Let p(z) = -4*z + 36. What is p(11)?
-8
Let n(b) = b**3 + 9*b**2 - 8*b - 12. What is n(-10)?
-32
Let a(f) = 18*f - 57. Give a(3).
-3
Let s(w) = 8*w - 11. Determine s(9).
61
Let l(y) = 7*y - 55. Determine l(13).
36
Let o(f) = -4*f + 59. Give o(13).
7
Let k(v) = -2*v**2 + 5*v + 1. What is k(2)?
3
Let o(p) = -5*p**2 - 3*p. Determine o(-2).
-14
Let l(m) = 2*m**2 - 8*m + 8. Determine l(6).
32
Let y(n) = -2*n**2 - 23*n - 25. Give y(-10).
5
Let o(k) = -16*k + 12. Calculate o(4).
-52
Let j(p) = p**2 + 9. What is j(10)?
109
Let y(o) = -9*o - 9. Give y(-4).
27
Let b(o) = -o**2 - 20*o - 102. What is b(-11)?
-3
Let l(d) = -d**2 - 16*d - 15. What is l(-14)?
13
Let a(r) = r**3 + 33*r**2 + 35*r + 110. Calculate a(-32).
14
Let y(c) = 4*c - 10. What is y(5)?
10
Let u(m) = 4*m - 11. Give u(7).
17
Let u(z) = z**3 - z**2 - 7*z + 5. Give u(0).
5
Let a(n) = -21*n**2 + 2*n + 1. Determine a(2).
-79
Let f(l) = 9*l**2 + l - 1. Give f(-1).
7
Let x(l) = l**3 - 6*l**2 + 7*l - 7. What is x(6)?
35
Let z(b) = -9*b - 55. Determine z(0).
-55
Let a(r) = -13*r**2. What is a(-1)?
-13
Let d(u) = -u**3 + 11*u**2 + 35*u - 122. Calculate d(13).
-5
Let l(k) = k**2 - 3*k - 1. Give l(7).
27
Let o(q) = -q**2 - 10*q - 10. What is o(-8)?
6
Let i(v) = 2*v**2 + 3*v - 4. Calculate i(-4).
16
Let i(u) = -u**2 - 18*u - 41. Give i(-15).
4
Let v(y) = -3*y**2 - 3*y + 3. Calculate v(1).
-3
Let a(d) = -2*d - 16. What is a(-5)?
-6
Let c(g) = g**2 + 4*g + 6. Determine c(-5).
11
Let w(g) = g**3 + 4*g**2 + 8*g + 2. Give w(-2).
-6
Let p(g) = 17*g**3 + 3*g**2 - g. Give p(1).
19
Let u(h) = -7*h**2 + 72*h + 72. Calculate u(-1).
-7
Let j(k) = -2*k**2 - 2*k + 7. Give j(5).
-53
Let s(m) = -m - 27. Calculate s(0).
-27
Let g(k) = k**3 + 7*k**2 - 5. Give g(-6).
31
Let u(c) = c**2 - 8*c. What is u(8)?
0
Let z(k) = 15*k + 351. What is z(-23)?
6
Let h(t) = 110*t**2 + 2*t + 1. What is h(-1)?
109
Let y(n) = -2*n + 24. Determine y(14).
-4
Let x(h) = 150*h**2 - h - 1. What is x(-1)?
150
Let y(k) = k**3 - 12*k**2 + 17*k - 49. Calculate y(11).
17
Let u(g) = -g + 11. What is u(17)?
-6
Let i(n) = 9*n - 2. Determine i(6).
52
Let b(y) = -10*y + 24. Determine b(2).
4
Let q(f) = -26*f + 836. What is q(32)?
4
Let f(t) = t**2 - 14*t. Give f(14).
0
Let s(p) = -p**3 + p + 5. Determine s(0).
5
Let n(a) = a**3 - 4*a**2 + 4*a - 4. What is n(4)?
12
Let l(n) = -n**2 + 65*n - 142. Give l(63).
-16
Let z(h) = h**2 - 4. What is z(-3)?
5
Let j(x) = -x**3 + 4*x**2 - 3*x + 7. What is j(5)?
-33
Let c(b) = b**3 + 12*b**2 + 17*b + 7. Give c(-10).
37
Let d(i) = i**2 - i - 3. Calculate d(-2).
3
Let q(k) = k**2 + 1. Give q(-1).
2
Let h(y) = y**3 - 51*y**2 + 47*y + 146. Give h(50).
-4
Let g(l) = 4*l + 7. Calculate g(5).
27
Let j(c) = -7*c**2 + 51*c + 13. What is j(8)?
-27
Let m(w) = -3*w**2 + 7*w. What is m(4)?
-20
Let v(c) = -c**2 + 36*c - 161. Calculate v(31).
-6
Let l(j) = j**3 + 14*j**2 + 2*j + 10. Give l(-14).
-18
Let f(r) = -2*r**2 + 34*r - 134. Determine f(5).
-14
Let j(z) = z**2 + 3*z + 3. What is j(4)?
31
Let r(w) = 3*w**3 + 12*w**2 - 5*w - 4. Give r(-5).
-54
Let z(x) = -x**3 + 5*x**2 - x - 6. Calculate z(4).
6
Let t(c) = 3*c**2 + 2*c - 1. Give t(2).
15
Let p(t) = t**3 - 16*t**2 - 18*t - 40. Determine p(17).
-57
Let q(k) = 47*k**3 + k**2 + 2*k - 2. Calculate q(1).
48
Let n(p) = p**2 + 11*p - 7. Give n(-9).
-25
Let a(s) = s**3 + 12*s**2 - 14*s - 17. Give a(-13).
-4
Let m(x) = 2*x**2 + 3*x - 2. Calculate m(1).
3
Let s(a) = 23*a - 1. What is s(-1)?
-24
Let v(k) = k**3 + 26*k**2 + 25*k - 9. Calculate v(-25).
-9
Let b(r) = -5*r + 44. What is b(9)?
-1
Let s(r) = -2*r**2 + 27*r - 7. What is s(13)?
6
Let z(p) = -6*p**2 + 264*p - 6. Determine z(44).
-6
Let x(q) = q**3 + 14*q**2 + 49*q + 8. Give x(-8).
0
Let s(l) = -12*l**2 + 144*l + 7. Give s(12).
7
Let v(a) = -6*a + 79. What is v(14)?
-5
Let x(n) = 24*n - 482. Calculate x(20).
-2
Let d(q) = 3*q + 41. Give d(-16).
-7
Let p(q) = -4*q - 4. Determine p(-4).
12
Let y(s) = 5*s**2 - 10*s + 9. Calculate y(1).
4
Let g(j) = -j**2 - 13*j + 3. Give g(-12).
15
Let f(h) = -28*h + 81. Determine f(4).
-31
Let j(r) = 10*r + 5. Give j(-1).
-5
Let j(y) = 117*y - 354. Give j(3).
-3
Let z(n) = -n**3 + 14*n**2 + 15*n + 6. Give z(15).
6
Let y(w) = 14*w - 4. Give y(1).
10
Let a(m) = 2*m**2 - 2*m + 8. Give a(-4).
48
Let m(s) = -2*s**2 + 28*s - 54. Determine m(12).
-6
Let b(j) = -j**2 + 4. Give b(-5).
-21
Let j(x) = x**2 + 27*x - 158. Calculate j(-32).
2
Let y(r) = -2*r - 40. Give y(-22).
4
Let n(d) = -8*d - 73. Determine n(-9).
-1
Let z(g) = -3*g**2 + 14*g - 44. Calculate z(6).
-68
Let v(g) = 8*g**3 + g**2 - 2*g + 4. Give v(-2).
-52
Let i(h) = 2*h**2 - 1. Give i(4).
31
Let r(o) = -o**2 + 7*o - 13. Give r(9).
-31
Let k(y) = 29*y**2 - 144*y - 8. Calculate k(5).
-3
Let r(q) = q**3 - 2*q**2 - 2*q - 1. What is r(2)?
-5
Let o(d) = -d**3 + 19*d**2 - 23*d + 49. Give o(18).
-41
Let u(t) = -2*t**3 + t**2 + t - 1. Calculate u(2).
-11
Let p(r) = r**2 - r - 11. Determine p(4).
1
Let h(k) = k**2 + 29*k - 92. What is h(-32)?
4
Let d(v) = -v**3 - 8*v**2 + 3*v - 14. Determine d(-9).
40
Let o(i) = -i**3 + 5*i**2 + 14*i + 6. What is o(7)?
6
Let a(n) = -n**3 - 5*n**2 + 8*n + 3. Give a(-6).
-9
Let w(m) = m**3 + 8*m**2 - 4*m + 5. Determine w(-7).
82
Let z(v) = 12*v**2 + v - 1. Give z(1).
12
Let j(g) = -g**2 - 42. What is j(0)?
-42
Let j(i) = -4*i**2 + 23*i + 6. What is j(6)?
0
Let l(d) = 4*d + 50. Determine l(-11).
6
Let m(r) = -r**3 + 26*r**2 - 28*r + 83. Give m(25).
8
Let m(f) = 37*f + 68. Determine m(-2).
-6
Let l(j) = -j**2 - 29*j - 159. What is l(-7)?
-5
Let u(x) = -5*x**2 - 39*x + 6. What is u(-8)?
-2
Let g(t) = 23*t + 6. Calculate g(6).
144
Let c(j) = j**3 - 18*j**2 + 17*j + 24. What is c(17)?
24
Let h(d) = -d**3 + 8*d**2 + 20*d - 12. Determine h(10).
-12
Let o(j) = -j**2 + 8*j - 5. What is o(8)?
-5
Let d(i) = -19*i - 8. What is d(-1)?
11
Let c(k) = k + 3. Determine c(-9).
-6
Let b(r) = -r**2 + 12*r + 7. Determine b(12).
7
Let s(k) = -k**3 + 4*k**2 + 4*k - 20. Calculate s(5).
-25
Let y(g) = -2*g**2 + 3*g + 10. Calculate y(-4).
-34
Let r(c) = -c**2 - 14*c + 8. Calculate r(-10).
48
Let u(m) = m**3 + m**2 - 4*m - 3. Calculate u(-2).
1
Let p(l) = -12*l - 9. What is p(-2)?
15
Let v(s) = -s**2 + 5*s + 8. Determine v(6).
2
Let p(q) = -q**3 + 6*q**2 - q - 3. Give p(2).
11
Let a(k) = 4*k**3 + k. Give a(1).
5
Let j(c) = c + 49. Calculate j(-32).
17
Let a(z) = 5*z + 58. What is a(0)?
58
Let w(o) = 5*o - 59. Determine w(13).
6
Let n(m) = m**2 - 5*m - 1. What is n(6)?
5
Let n(h) = h**3 + 7*h**2 + 4. What is n(-7)?
4
Let i(b) = -7*b - 1. What is i(-4)?
27
Let q(w) = 2*w**2 + 6*w + 3. What is q(-4)?
11
Let y(o) = o**3 + 14*o**2 - 14*o + 2. Calculate y(-15).
-13
Let f(s) = -16*s - 79. Give f(-5).
1
Let v(m) = -2*m + 23. Calculate v(0).
23
Let b(q) = -q**3 - 6*q**2 - 3*q - 2. Give b(-5).
-12
Let x(o) = 7*o + 13. Calculate x(-2).
-1
Let u(c) = -10*c**2 - c + 7. What is u(-2)?
-31
Let i(y) = y**2 + 2*y - 1. What is i(-6)?
23
Let t(o) = -5*o + 3. Give t(0).
3
Let b(w) = -w - 7. Give b(0).
-7
Let t(y) = -y**3 - 13*y**2 - 13*y + 3. Give t(-12).
15
Let l(p) = 39*p + 1916. Give l(-49).
5
Let o(h) = h**2 - 17*h + 69. Give o(5).
9
Let c(y) = y**3 - y**2 - 2*y - 1. Give c(-2).
-9
Let d(a) = -a**2 - 9*a + 3. What is d(-14)?
-67
Let d(s) = -2*s + 22. What is d(-11)?
44
Let p(a) = a**3 - 6*a**2 + 2*a - 3. Give p(4).
-27
Let p(q) = -q**3 - 5*q**2 + 3*q - 15. Calculate p(-6).
3
Let o(m) = m - 10. Give o(-6).
-16
Let p(b) = -b**3 + 6*b**2 - 3*b + 1. Determine p(5).
11
Let r(o) = o**3 + 3*o**2 - 1. Determine r(-4).
-17
Let l(z) = -z**3 - 6*z**2 - 4*z + 7. Calculate l(-5).
2
Let y(v) = -v**3 - 3*v**2 + 4*v + 10. Determine y(-4).
10
Let i(w) = w**2 - 15*w + 20. Determine i(13).
-6
Let y(c) = c**3 + 4*c**2 - 13*c - 3. Determine y(-5).
37
Let l(v) = v**3 + 21*v**2 + v + 10. Calculate l(-21).
-11
